{"id":589,"date":"2022-08-29T18:31:12","date_gmt":"2022-08-29T16:31:12","guid":{"rendered":"http:\/\/www.ligotamala.archidiecezja.wroc.pl\/?page_id=589"},"modified":"2022-08-29T18:31:12","modified_gmt":"2022-08-29T16:31:12","slug":"kontakt","status":"publish","type":"page","link":"http:\/\/www.ligotamala.archidiecezja.wroc.pl\/index.php\/kontakt\/","title":{"rendered":"Kontakt"},"content":{"rendered":"\n<p>Parafia Rzymsko-Katolicka <br>p.w. Naj\u015bwi\u0119tszej Marii Panny Cz\u0119stochowskiej<br>Ligota Ma\u0142a 31 56-400 Ole\u015bnica<br>tel: (71) 398 74 07<br>ligotamala(at)archidiecezja.wroc.pl<\/p>\n\n\n\n<hr class=\"wp-block-separator has-alpha-channel-opacity\"\/>\n\n\n\n<p>Numer rachunku bankowego<br>77 9584 0008 2001 0014 5017 0001<br>Bank Sp\u00f3\u0142dzielczy w Ole\u015bnicy <\/p>\n","protected":false},"excerpt":{"rendered":"<p>Parafia Rzymsko-Katolicka p.w. Naj\u015bwi\u0119tszej Marii Panny Cz\u0119stochowskiejLigota Ma\u0142a 31 56-400 Ole\u015bnicatel: (71) 398 74 07ligotamala(at)archidiecezja.wroc.pl Numer rachunku bankowego77 9584 0008 2001 0014 5017 0001Bank Sp\u00f3\u0142dzielczy w Ole\u015bnicy<\/p>\n","protected":false},"author":123458,"featured_media":0,"parent":0,"menu_order":0,"comment_status":"closed","ping_status":"closed","template":"","meta":[],"_links":{"self":[{"href":"http:\/\/www.ligotamala.archidiecezja.wroc.pl\/index.php\/wp-json\/wp\/v2\/pages\/589"}],"collection":[{"href":"http:\/\/www.ligotamala.archidiecezja.wroc.pl\/index.php\/wp-json\/wp\/v2\/pages"}],"about":[{"href":"http:\/\/www.ligotamala.archidiecezja.wroc.pl\/index.php\/wp-json\/wp\/v2\/types\/page"}],"author":[{"embeddable":true,"href":"http:\/\/www.ligotamala.archidiecezja.wroc.pl\/index.php\/wp-json\/wp\/v2\/users\/123458"}],"replies":[{"embeddable":true,"href":"http:\/\/www.ligotamala.archidiecezja.wroc.pl\/index.php\/wp-json\/wp\/v2\/comments?post=589"}],"version-history":[{"count":1,"href":"http:\/\/www.ligotamala.archidiecezja.wroc.pl\/index.php\/wp-json\/wp\/v2\/pages\/589\/revisions"}],"predecessor-version":[{"id":591,"href":"http:\/\/www.ligotamala.archidiecezja.wroc.pl\/index.php\/wp-json\/wp\/v2\/pages\/589\/revisions\/591"}],"wp:attachment":[{"href":"http:\/\/www.ligotamala.archidiecezja.wroc.pl\/index.php\/wp-json\/wp\/v2\/media?parent=589"}],"curies":[{"name":"wp","href":"https:\/\/api.w.org\/{rel}","templated":true}]}}